01001010000
Convert 12642a4 (base 12) to base 16.
372a9c
What is 10043323331 (base 5) in base 15?
d53446
Convert -84495 (base 10) to base 11.
-58534
What is -33016465 (base 7) in base 16?
-2b27f6
3740337 (base 9) to base 6
111333311
What is -1000310 (base 8) in base 9?
-438773
What is -66c44 (base 15) in base 8?
-1176154
Convert -15252224 (base 6) to base 4.
-2002303120
What is -229dce (base 16) in base 10?
-2268622
41033 (base 9) to base 14
9bab
What is -10101000101011010 (base 2) in base 9?
-141417
Convert 6455 (base 14) to base 3.
212202121
-40222200 (base 5) to base 16
-4e32c
Convert 10404110 (base 5) to base 6.
1542003
Convert -112221102213 (base 4) to base 6.
-331122503
Convert -201312212 (base 4) to base 15.
-2b142
-139bb (base 13) to base 14
-d5c7
Convert 57126 (base 11) to base 16.
142ef
What is b184 (base 12) in base 10?
19252
Convert 110010110100111111101011 (base 2) to base 11.
75807a0
4892715 (base 11) to base 2
100000011101100111111010
Convert -2213203231 (base 4) to base 15.
-d8547
What is 22001101022112 (base 3) in base 13?
b6a6c2
-121002022222002 (base 3) to base 5
-4142031313
Convert 2132407 (base 13) to base 14.
14b467d
What is 63526 (base 11) in base 2?
10110100100111000
What is 1c548d (base 14) in base 11?
632464
What is -5b1ad (base 16) in base 6?
-11555341
-730720 (base 9) to base 6
-13143243
Convert 1020210200011 (base 3) to base 2.
10100010011011111010
1952922 (base 11) to base 13
8b61a4
Convert -1234346 (base 8) to base 15.
-6b616
What is 33617 (base 11) in base 6?
1013140
-2928591 (base 13) to base 9
-26531830
Convert 10101012110010 (base 3) to base 10.
1795125
-8212 (base 15) to base 11
-19700
Convert -10853703 (base 9) to base 4.
-110023232223
-f856 (base 16) to base 3
-10020012121
-777aa (base 15) to base 5
-44122420
2330233200 (base 4) to base 12
313480
139998 (base 11) to base 4
311100211
10415571 (base 8) to base 12
8b9675
What is 352053 (base 10) in base 13?
c4320
-110010010011101100 (base 2) to base 7
-1515521
Convert -110011101011110 (base 2) to base 7.
-140102
What is 78302 (base 14) in base 10?
291454
-2109e1 (base 15) to base 7
-16233646
What is -5511522 (base 8) in base 4?
-11221031102
2024302204 (base 5) to base 10
4134679
-456aa9 (base 11) to base 9
-1326781
10843464 (base 9) to base 3
100221110112011
-53431 (base 14) to base 13
-70723
Convert 323402202 (base 5) to base 6.
45425002
Convert -604553 (base 7) to base 15.
-20582
What is -54020336 (base 7) in base 10?
-4593287
-14065a3 (base 12) to base 4
-33032233023
What is -2210122002002 (base 3) in base 10?
-1488674
What is -1d9d14 (base 14) in base 13?
-2b36a2
Convert -10100001011101 (base 2) to base 9.
-15151
What is 43550 (base 12) in base 15?
1b523
Convert 4571c (base 14) to base 11.
105899
-32011111 (base 4) to base 13
-20344
What is -112325443 (base 6) in base 10?
-2080035
What is 11101011001110110110001 (base 2) in base 6?
433113321
What is -77553 (base 11) in base 8?
-333523
What is -714983 (base 11) in base 13?
-3129b4
103321102023 (base 4) to base 7
62221110
-1111012211100 (base 3) to base 12
-322100
What is -23220330 (base 5) in base 15?
-4267a
Convert 430362 (base 7) to base 12.
37226
172669 (base 14) to base 9
1468811
What is 2136426 (base 7) in base 6?
5335010
Convert 30044 (base 9) to base 4.
10310023
What is -123023223132 (base 4) in base 11?
-4027733
Convert -11011221201 (base 4) to base 11.
-831168
Convert -131304424 (base 5) to base 12.
-27461a
What is -ce10fe (base 16) in base 10?
-13504766
Convert -22669a (base 13) to base 15.
-1112db
5660888 (base 11) to base 13
20910c1
214040322 (base 5) to base 14
1a0c90
Convert 3cdaf (base 16) to base 9.
418828
What is 14a679 (base 13) in base 12?
206411
Convert -3330614 (base 7) to base 11.
-260774
Convert -89780 (base 10) to base 9.
-146135
213400 (base 7) to base 11
25a85
What is 21202112101112 (base 3) in base 5?
2023433422
What is -58651 (base 11) in base 2?
-10100101010011011
-236b856 (base 13) to base 9
-22561355
1352658 (base 13) to base 16
5ce90e
-8a9419 (base 14) to base 4
-101332130333
What is -23103301003 (base 4) in base 3?
-12120121121001
What is -212000100002200 (base 3) in base 9?
-25010080
What is 250734 (base 9) in base 8?
447715
What is 433210431 (base 5) in base 8?
7036565
Convert 11011111110111000 (base 2) to base 9.
184201
What is 50243b0 (base 12) in base 11?
8500933
-111212011101 (base 3) to base 6
-5502444
What is -208515 (base 10) in base 6?
-4245203
Convert -210255 (base 11) to base 10.
-337045
21b98 (base 13) to base 16
ef77
What is -1000000011010101 (base 2) in base 4?
-20003111
-245063 (base 8) to base 14
-22b3d
Convert -110000021122 (base 3) to base 11.
-151681
Convert -10571b (base 13) to base 7.
-3155014
What is -246401 (base 8) in base 16?
-14d01
What is -21103042 (base 7) in base 11?
-1008327
What is 212210200112 (base 3) in base 10?
468518
Convert -b64496 (base 12) to base 10.
-2869170
What is -31f68c (base 16) in base 12?
-111aa90
Convert -32333212 (base 5) to base 4.
-1003230323
Convert 1010110011111010 (base 2) to base 7.
243050
-200011212022 (base 3) to base 14
-9459d
50627 (base 11) to base 4
102003220
74a97 (base 13) to base 15
425a4
959099 (base 11) to base 2
101110110101100011111
Convert -1372c (base 13) to base 16.
-8e15
13402410134 (base 5) to base 7
266316555
3124040 (base 6) to base 14
3d17a
What is 50252016 (base 8) in base 6?
1014340114
Convert 15625441 (base 8) to base 14.
6a1877
866035 (base 9) to base 4
1332001010
Convert 8158055 (base 9) to base 13.
b9383a
-461730 (base 12) to base 7
-12353433
Convert 2da92 (base 16) to base 6.
4001510
Convert 25020 (base 12) to base 14.
143b2
What is 2000122 (base 3) in base 2?
10111000011
6252a6 (base 11) to base 16
f4c69
52b30 (base 15) to base 2
1000000000011111011
What is 5a001c (base 15) in base 8?
20324460
Convert b6095 (base 16) to base 10.
745621
-417121 (base 12) to base 11
-642665
431665 (base 7) to base 2
10010010101101011
-101012033122 (base 4) to base 12
-160190a
What is -304f86 (base 16) in base 3?
-12221212001110
Convert 817366 (base 9) to base 15.
987a9
Convert 41432310 (base 8) to base 16.
8634c8
456c4 (base 15) to base 16
35eed
Convert 32013312 (base 4) to base 12.
29586
What is 552b04 (base 14) in base 12?
b73954
What is -8060c (base 16) in base 6?
-15134232
Convert -6a49270 (base 11) to base 12.
-415832a
What is -3c4a0 (base 15) in base 8?
-571621
What is -1023130222 (base 5) in base 14?
-403916
-3d585c (base 15) to base 5
-1224030022
Convert -33031231 (base 4) to base 6.
-1200301
Convert -1152356 (base 8) to base 14.
-83582
Convert 10412205 (base 7) to base 13.
253b93
Convert 1377d (base 14) to base 6.
1010455
Convert -7132740 (base 9) to base 14.
-70d236
What is 114263 (base 10) in base 3?
12210201222
Convert -10010111110111100110101 (base 2) to base 15.
-684777
-200202101000021 (base 3) to base 8
-46012457
-982496 (base 10) to base 14
-1b80a4
What is 225772 (base 9) in base 16?
21149
What is -11534354 (base 6) in base 2?
-1011010011010111110
What is -10213001333 (base 4) in base 7?
-13162112
What is a1655 (base 14) in base 7?
3204435
What is -33727144 (base 8) in base 12?
-254b744
11015234 (base 7) to base 16
e6d17
104247 (base 10) to base 9
168000
What is -14561 (base 13) in base 14?
-dd3b
Convert 4da7d8 (base 16) to base 14.
966972
-2115504 (base 6) to base 12
-4bb94
What is -13303223222 (base 4) in base 12?
-828522
What is -411220130 (base 5) in base 7?
-20066462
Convert 10111011101111101000110 (base 2) to base 12.
2088232
33486 (base 12) to base 14
1ab42
Convert 3771386 (base 9) to base 7.
23315133
What is 236b40b (base 12) in base 6?
403030415
230021020 (base 4) to base 2
101100001001001000
Convert 2a9322 (base 13) to base 5.
232023004
What is -24142214 (base 5) in base 3?
-102102012122
-101112120020 (base 3) to base 16
-32a57
-3b74ba7 (base 13) to base 5
-14301302421
21023065 (base 7) to base 9
3287737
Convert 10000100011101101001 (base 2) to base 9.
1016234
What is 39734 (base 14) in base 6?
3010242
Convert -164625 (base 7) to base 13.
-11c88
What is -201211100111 (base 3) in base 9?
-654314
What is 860418 (base 9) in base 16?
7d063
Convert -4ba3b (base 15) to base 14.
-6424b
-1016512 (base 7) to base 11
-83a29
Convert -12067072 (base 8) to base 16.
-286e3a
Convert 3493b (b